 - 7. Determine q(-3).
89
Let p(a) = a**2 - 137. What is p(12)?
7
Let s(y) = -y**3 - 3*y**2 + 73*y - 22. Determine s(7).
-1
Let j(k) = 5*k - 46. What is j(13)?
19
Let m(r) = -3*r**2 + 6*r. Give m(3).
-9
Let l(y) = 2*y - 23. Calculate l(10).
-3
Let r(q) = q**3 + 9*q**2 - 13*q - 36. Determine r(-10).
-6
Let v(c) = -c**2 - 6*c - 4. Give v(-1).
1
Let c(b) = -b**2 + 20*b + 3. Give c(13).
94
Let f(k) = k**3 + 3*k**2 - 2*k - 3. What is f(-3)?
3
Let o(j) = -3*j**2 - 4*j - 1. Determine o(-3).
-16
Let j(q) = 5*q - 141. Determine j(26).
-11
Let h(a) = -a**2 - 7*a + 27. Determine h(-9).
9
Let z(s) = s**2 - 2*s + 32. Give z(-9).
131
Let o(i) = -3*i**2 - 3*i. Calculate o(-2).
-6
Let s(n) = -n**2 + 9*n - 23. Give s(8).
-15
Let m(k) = 20*k**3 + 3*k**2 + 4*k + 1. Calculate m(-1).
-20
Let x(r) = -r**2 - 8*r + 27. Calculate x(3).
-6
Let c(i) = 8*i**2 + 6*i - 2. What is c(4)?
150
Let a(o) = -o + 20. Determine a(-7).
27
Let u(q) = q**3 - 14*q**2 + 19*q + 77. What is u(12)?
17
Let b(x) = -24*x + 467. Give b(20).
-13
Let x(i) = i**2 - 38*i - 118. Determine x(41).
5
Let f(b) = -23*b - 94. Give f(-4).
-2
Let t(s) = s**2 + 4*s - 7. Calculate t(4).
25
Let v(i) = 8*i - 16. Determine v(4).
16
Let s(k) = 12*k + 52. Determine s(-12).
-92
Let g(j) = -j**3 + 10*j**2 - 10*j - 10. What is g(9)?
-19
Let v(x) = -3*x**2 - 5*x - 6. Give v(-2).
-8
Let s(o) = o**3 - 8*o**2 + 10*o + 9. Give s(2).
5
Let x(z) = -5*z + 16. What is x(4)?
-4
Let t(w) = w**2 + 10*w + 13. Calculate t(-3).
-8
Let z(b) = b**3 + 5*b**2 - 11*b + 15. Determine z(-7).
-6
Let t(a) = -3*a - 21. Determine t(-6).
-3
Let v(t) = 2*t**2 - 13*t - 14. Give v(7).
-7
Let k(x) = 3*x**2 - 10*x + 4. Determine k(3).
1
Let x(y) = -5*y**3 - 14*y**2 + 6*y + 4. Calculate x(-4).
76
Let k(d) = -d**2 + 4*d + 11. Calculate k(-2).
-1
Let k(f) = -f**3 + 5*f**2 - 9*f + 13. Give k(7).
-148
Let o(w) = -w**2 + 14*w - 51. Determine o(8).
-3
Let j(u) = -u**2 + 4*u - 7. Give j(3).
-4
Let m(b) = -3*b + 58. What is m(19)?
1
Let x(z) = -5*z - 20. Give x(-5).
5
Let w(r) = r - 16. Determine w(11).
-5
Let l(x) = -x**3 - 7*x**2 + 13*x + 10. What is l(-8)?
-30
Let p(u) = -u**2 - u + 36. Determine p(-6).
6
Let b(l) = l**2 + 3*l + 6. Give b(-4).
10
Let f(l) = 2*l**3 - 34*l**2 + 35*l - 35. What is f(16)?
13
Let w(n) = 12*n + 32. Determine w(-3).
-4
Let b(v) = -v**2 + 11*v - 3. Determine b(11).
-3
Let m(k) = -4*k - 177. Give m(-46).
7
Let g(t) = -t**3 - 8*t**2 - 9*t - 6. Calculate g(-6).
-24
Let k(t) = -t**2 + 10*t + 20. Give k(-2).
-4
Let j(i) = i**3 - 10*i**2 + 17*i. Calculate j(8).
8
Let p(c) = -13*c - 119. Calculate p(-20).
141
Let q(h) = -h**2 - 10*h - 2. Calculate q(-8).
14
Let x(n) = 8*n**2 + 3*n - 1. Determine x(2).
37
Let i(a) = a**3 - 4*a**2 + 3*a - 1. What is i(3)?
-1
Let v(x) = -x**3 - 7*x**2 + 10*x - 8. Give v(-8).
-24
Let n(d) = -3*d + 71. Calculate n(15).
26
Let a(r) = -11*r - 15. What is a(-2)?
7
Let y(w) = -w**2 - 20*w - 7. What is y(-20)?
-7
Let i(f) = f**2 - 3*f + 23. Give i(7).
51
Let k(x) = -x**3 - 4*x**2 + 11*x + 6. What is k(-6)?
12
Let u(q) = -27*q + 358. Determine u(13).
7
Let m(a) = -21*a + 18. Determine m(3).
-45
Let l(s) = s**3 + 11*s**2 + 30*s - 4. What is l(-5)?
-4
Let s(o) = -3*o - 3. Give s(7).
-24
Let l(x) = x**3 - 9*x**2 + 9*x - 6. What is l(8)?
2
Let r(m) = 3*m + 16. What is r(-8)?
-8
Let v(a) = -a**2 - 8*a - 5. Determine v(-6).
7
Let m(j) = j**3 + 6*j**2 - 17*j - 62. Calculate m(-7).
8
Let w(u) = u - 16. Determine w(10).
-6
Let z(o) = o**3 - 11*o**2 + 10*o + 11. What is z(9)?
-61
Let v(g) = g**2 - 10*g + 17. Calculate v(8).
1
Let d(g) = g**3 + 45*g**2 - g - 53. What is d(-45)?
-8
Let p(j) = j**3 - 3*j**2 - 8*j + 5. What is p(5)?
15
Let h(j) = -11*j + 3. Determine h(-3).
36
Let f(h) = -4*h - 4. What is f(8)?
-36
Let r(b) = -b**2 + 21*b - 8. What is r(13)?
96
Let n(z) = 2*z**3 + 30*z**2 + 27*z - 18. What is n(-14)?
-4
Let s(z) = z**2 - 9*z - 24. Calculate s(11).
-2
Let x(m) = -9*m + 103. Give x(12).
-5
Let s(x) = -3*x - 55. Calculate s(-20).
5
Let k(y) = y**2 + 21*y + 126. Give k(-11).
16
Let z(r) = -39*r. Determine z(1).
-39
Let q(r) = -2*r - 48. Calculate q(-18).
-12
Let w(q) = 19*q + 112. Calculate w(-6).
-2
Let q(s) = -s**3 + 17*s**2 - 16*s + 15. Give q(16).
15
Let t(q) = -q**2 + 17*q + 4. What is t(14)?
46
Let k(b) = 5*b**3 - b**2 - 5*b + 7. What is k(2)?
33
Let p(v) = v**3 + 2*v + 18. What is p(0)?
18
Let z(p) = 7*p + 90. Give z(-8).
34
Let d(u) = 25*u + 76. Give d(-3).
1
Let g(r) = -7*r - 43. Calculate g(-6).
-1
Let d(a) = 3*a - 20. What is d(0)?
-20
Let g(y) = y**3 - 18*y**2 + 64*y - 1. What is g(5)?
-6
Let k(n) = n**2 + 7*n - 9. What is k(-8)?
-1
Let b(f) = 2*f**2 + 12*f + 16. Give b(-4).
0
Let w(u) = -u**3 - 9*u**2 + 13*u + 6. Calculate w(-9).
-111
Let m(k) = -k + 25. Calculate m(27).
-2
Let w(i) = -5*i - 7. Calculate w(-7).
28
Let a(d) = d**2 + 68*d - 433. What is a(6)?
11
Let s(t) = -2*t + 1. Determine s(-1).
3
Let t(q) = -74*q - 16. What is t(0)?
-16
Let o(a) = -a - 4. Give o(-7).
3
Let x(y) = 5*y**3 - 2*y**2 - 2*y. Give x(-2).
-44
Let k(b) = b**3 + 32*b**2 - 4*b - 123. What is k(-32)?
5
Let p(c) = -c**2 - 5*c + 10. Give p(-5).
10
Let o(l) = -l**3 - 7*l**2 + 6*l + 4. What is o(-6)?
-68
Let g(z) = -6*z + 50. Calculate g(4).
26
Let j(t) = 5*t - 203. What is j(36)?
-23
Let r(n) = n**3 - 21*n**2 + 22*n - 1. Determine r(20).
39
Let q(r) = -2*r**3 - 2*r**2. Give q(-3).
36
Let i(o) = o**2 - 39*o - 157. Give i(43).
15
Let s(u) = -2*u**3 - 6*u**2 + 11*u + 4. Determine s(2).
-14
Let v(b) = b**3 - 5*b**2 - b + 7. Determine v(5).
2
Let q(z) = -7*z**2 + 6*z + 9. Determine q(2).
-7
Let r(x) = -x**2 - 12*x - 1. What is r(-10)?
19
Let f(t) = 9*t + 8. What is f(-6)?
-46
Let m(i) = -i + 25. Determine m(-12).
37
Let d(z) = z**2 + 18*z - 42. Calculate d(-20).
-2
Let q(h) = h**2 - 16*h + 15. Calculate q(13).
-24
Let h(c) = c**2 + 19*c + 23. Determine h(-18).
5
Let d(a) = -a**3 + 10*a**2 + 26*a - 35. Determine d(12).
-11
Let g(x) = -22*x - 1. Give g(-2).
43
Let d(l) = -l**3 - 19*l**2 + 17*l - 66. Determine d(-20).
-6
Let l(w) = w**3 - 30*w**2 + 28*w + 36. Determine l(29).
7
Let l(k) = -6*k + 4. Give l(-3).
22
Let j(z) = -2*z**3 + 14*z**2 - 6*z + 23. Give j(7).
-19
Let u(y) = y**2 - 3*y - 46. Determine u(8).
-6
Let w(b) = 7*b**2 + 2. What is w(-2)?
30
Let o(j) = j**2 + 22*j + 25. Determine o(-21).
4
Let v(u) = -u**3 + 10*u**2 - 14*u - 3. Determine v(9).
-48
Let n(a) = 15*a - 80. Give n(5).
-5
Let z(d) = 3*d + 35. Determine z(-15).
-10
Let h(k) = -k**2 - 26*k - 137. Calculate h(-18).
7
Let q(m) = 27*m - 1. What is q(-2)?
-55
Let x(s) = -s**3 + 10*s**2 - 12*s + 17. Give x(9).
-10
Let u(i) = i**2 + 12*i + 29. What is u(-8)?
-3
Let m(b) = b**2 + 47*b + 317. What is m(-8)?
5
Let x(i) = -73*i + 439. What is x(6)?
1
Let w(y) = y**2 - y + 5. Calculate w(5).
25
Let t(j) = 31*j**2 + j. Determine t(1).
32
Let g(x) = x**3 + 17*x**2 - x - 13. Determine g(-17).
4
Let a(y) = y - 6. What is a(-4)?
-10
Let m(w) = w**3 + 8*w**2 + 10*w + 6. Determine m(-6).
18
Let g(n) = -n**2 + 11*n - 5. Give g(9).
13
Let s(i) = 7*i - 111. Calculate s(15).
-6
Let a(r) = 2*r**2 - 17*r + 4. Calculate a(10).
34
Let c(p) = -8*p - 1. What is c(-2)?
15
Let f(o) = o**2 - 21*o - 49. What is f(22)?
-27
Let g(k) = 5*k + 11. Calculate g(9).
56
Let w(r) = -r**3 - 5*r**2 + 21*r + 85. Calculate w(-6).
-5
Let a(f) = -f**2 - 6*f + 10. Determine a(-8).
-6
Let g(x) = 4*x - 13. Give g(6).
11
Let w(t) = -t**2 - 7*t + 1. Determine w(-11).
-43
Let c(p) = -p**3 - 25*p**2 - 25*p + 5. What is c(-24)?
29
Let q(k) = -36*k + 5. Calculate q(4).
-139
Let l(u) = -11*u - 3. What is l(7)?
-80
Let s(n) = 6*n + 1. Give s(-2).
-11
Let l(y) = 9*y + 4. Calculate l(-3).
-23
Let h(w) = 2*w**2 - 12*w + 6. What is h(5)?
-4
Let c(t) = -5*t**2 - 19*t - 3. Calculate c(-4).
-7
Let v(a) = -a**2 + 13*a - 18. Calculate v(11).
4
Let t(j) = 5*j**2 - 2*j - 4. Determine t(3).
35
Let i(s) = s**2 + 31*s + 173. Give i(-9).
-25
Let r(z) = z**2 + 11*z + 4. Give r(-9).
-14
Let z(c) = -2*c**2 + 44*c - 8. Determine z(22).
-8
Let m(g) = -22*g + 26. Calculate m(1).
4
Let w(m) = -20*m + 1. Determine w(1).
-19
Let c(t) = 4*t**3 - t + 3. Give c(2).
33
Let d(l) = -l**2 - 10*l + 17. Calculate d(-10).
17
Let p(r) = -11*r**3 - r**2 - r. Give p(-1).
11
Let z(g) = -4*g**3. Determine z(1).
-4
Let n(q) = q**3 + 2*q + 3. Determine n(-4)